r of 6 and y?
2
Suppose 0 = 3*c - 2*c - 28. Suppose 42 = 3*v + 2*y, 0*y = 2*v + 2*y - c. Let w = 49 - 35. What is the highest common factor of w and v?
14
Let d(z) = 9 - 13 + z + 2*z**2 + 0*z + 4*z. Let s be d(-4). What is the greatest common divisor of s and 56?
8
Suppose -7*i + 0*i + 945 = 0. Let v(b) = b**3 + 7*b**2 + 3*b - 3. Let w be ((-8)/10)/(2/15). Let z be v(w). What is the highest common divisor of i and z?
15
Let n be -2*1/((-6)/723). Let y = n - -59. Suppose 0*x + 5*x - y = 0. What is the greatest common factor of x and 40?
20
Suppose 2*i = 4*i - 34. Suppose x = -2*x. Let o be 18/(x - (-2)/17). What is the highest common divisor of o and i?
17
Let l(j) = -2*j**2 + j + 45. Let s be l(0). Calculate the greatest common factor of s and 9.
9
Let w(j) = j**2 + 10*j + 12. Let s be w(-9). Suppose 5*g - 2 = s. Let n be (-3)/(3/4)*-2. Calculate the highest common factor of n and g.
1
Let g(i) = i**2 + 4*i - 8. Let n = -3 - 4. Let c be g(n). What is the greatest common factor of c and 13?
13
Let z(i) = 3*i - 5. Let j(w) = 4*w - 5. Let r(m) = 2*j(m) - 3*z(m). Let c be r(6). Let l = 5 + c. What is the highest common divisor of 32 and l?
4
Suppose -3*k - 4*y + 11 = y, -y = 2*k - 5. Let u be (-3 - (-4)/k)*-1. What is the highest common divisor of u and 11?
1
Let h be (-142)/8 - (-4)/(-16). Let i = h - -31. Let c = 104 - 39. What is the highest common divisor of i and c?
13
Let p be (-386)/(-16) + (-5)/40. What is the highest common divisor of 3 and p?
3
Let u = -32 - -151. What is the greatest common divisor of 17 and u?
17
Let t be 0 + -1 - 24/(-2). Calculate the highest common factor of 55 and t.
11
Let z be (-1 + -3)*12/(-8). What is the greatest common factor of 6 and z?
6
Let m be (-2)/(40/19 - 2). Let z(d) = d**3 - 7*d**2 - 7*d + 5. Let u be z(8). Let t = u - m. What is the greatest common factor of t and 16?
16
Suppose 8*i - i - 196 = 0. Calculate the highest common factor of i and 42.
14
Let l(z) = 2 + 2*z + 5*z + z**3 + 0*z**2 - 3*z**2 + z**2. Let d be l(5). What is the highest common divisor of 14 and d?
14
Suppose 0*u = -5*u + 30. Let t(b) = b**3 + 3*b**2 + 4. Let v be t(-3). Let k = u - v. Calculate the highest common factor of k and 8.
2
Suppose -3*i = 2*m - 20, 0 = -4*m - i + 2*i + 40. Let s(t) = t**2 - 9*t + 1. Let k be s(m). Calculate the highest common divisor of k and 99.
11
Let l(t) = 3*t**2 - 6*t - 6. Let y be l(5). Let n be (-1 + 3)*y/6. Calculate the highest common divisor of n and 91.
13
Let d be (108/2)/(18/12). What is the greatest common factor of 12 and d?
12
Suppose -3*v = -20 - 19. Let c be (1/(-3))/((-4)/(-12)). Let g be (-89 - (-1 + 3))*c. What is the highest common divisor of v and g?
13
Suppose m - 3*m - 4 = 0. Let a(f) = 3 - 14*f - 4 + 3. Let d be a(m). What is the greatest common divisor of d and 12?
6
Let f be (1 + 4)/(0 + -1). Let b = f - -8. What is the greatest common factor of b and 9?
3
Let w = -17 - -29. Suppose 101 = 3*y + 803. Let d = -138 - y. What is the highest common factor of d and w?
12
Let d be (-13)/(-10)*2 + 18/45. What is the highest common divisor of d and 6?
3
Suppose -8*o = -6*o - 24. Let s be (6/4)/1*64. Calculate the highest common divisor of s and o.
12
Let r be -34*(-1)/(2 - 0). Let s = 28 - r. Let h be (-2)/2 + (-34)/(-1). Calculate the greatest common factor of h and s.
11
Suppose -8*b = -5*b - 6. What is the greatest common factor of 1 and b?
1
Let y(p) = -p**3 + 4*p**2 + 5*p + 4. Let z be y(-4). Suppose 0 = -u - 2*u + 51. Let n be u + (1 + -1 - 1). What is the greatest common divisor of n and z?
16
Let v(o) = 2*o**2 + 6*o + 4. Let u be v(-5). Calculate the greatest common factor of 168 and u.
24
Let g be (2 - -1)*(-2)/(-3). Let s = -38 - -42. Calculate the highest common factor of s and g.
2
Let i = -68 + 76. Calculate the greatest common divisor of 64 and i.
8
Let p(v) = v**3 - 2*v**2 + 2. Let b be p(3). Suppose -2*q - 4*l = 0, -3*q + 5*l = -0*q - b. What is the highest common factor of 2 and q?
2
Let i = -4 + 2. Let o(f) = 8*f**2 + f - 2. Let n be o(i). Suppose -2*h = -6*h + n. What is the highest common divisor of 63 and h?
7
Suppose g - 175 + 19 = 4*b, 4*g = -b + 709. Let t be ((-80)/(-25))/((-1)/(-5)). Calculate the highest common divisor of t and g.
16
Suppose 0 = 2*v - f - 38 - 9, -v = f - 25. Suppose 2*u = 4*i + 24, 2*i + v = 4*u - 0*u. What is the greatest common divisor of u and 10?
2
Suppose 4*d = -3*a + 144, 0 = d - 3*d. Calculate the greatest common divisor of 16 and a.
16
Let i(d) = 10 - 5*d + 5*d - 9*d + d**2. Let b be i(8). Suppose 2*w - 66 = -4*x, -3*x + b*w = w - 57. What is the highest common factor of 198 and x?
18
Let z be (-16)/6*-3 - (2 - 0). What is the greatest common divisor of z and 2?
2
Let n(c) = -2*c - 17. Let y be n(-10). Calculate the greatest common divisor of y and 1.
1
Let i = -7 + 23. Let g be 78 + (1/3 - (-35)/21). Calculate the greatest common factor of i and g.
16
Let u be -1*-2*(5 - 1). Let y(w) = -w**3 + 8*w**2 + 1. Let v be y(8). Let o be 2 + v + 83 + 2. Calculate the greatest common factor of u and o.
8
Let y(o) = -6*o**2 - o. Let d be y(-1). Let i = d + 14. Suppose 4*p - 106 = -2*c, 4*c = -3*p + 138 + 54. Calculate the greatest common factor of i and c.
9
Let j be 8*3/48*4. Suppose x - 2*p = 4, -4*x - 4 + 16 = -4*p. Calculate the greatest common factor of x and j.
2
Suppose -3*m + 12 = 3*b, 2*b + 22 = -3*m + 6*m. What is the greatest common divisor of m and 2?
2
Let s = -53 - -93. What is the highest common divisor of 8 and s?
8
Let w = 36 + 8. What is the greatest common factor of 11 and w?
11
Suppose -3*v = 2*d - 90, 3*d + 2*v = 52 + 93. What is the greatest common factor of 17 and d?
17
Let o be (91/28)/((-1)/(-20)). Calculate the highest common factor of 13 and o.
13
Suppose -4*r - 4*f = -28, -r + 7 = -2*f + f. Let b = -6 + r. Let d be 1*(b + (-26)/(-1)). What is the greatest common factor of d and 3?
3
Let p be -3 + 1 + 5 + 12*5. Let d = 4 - -5. Let c = 0 + d. Calculate the highest common factor of p and c.
9
Let x be 1/(-1)*-1 - 37. Let r = -26 - x. What is the highest common factor of 110 and r?
10
Suppose -y = -27 + 8. What is the highest common divisor of y and 19?
19
Let c be (-405)/(-25) + 3/(-15). What is the greatest common divisor of 8 and c?
8
Let y = 1 + 9. Suppose -y*i + 11*i - 5 = 0. What is the greatest common divisor of i and 15?
5
Let s(o) = o**3 - 9*o**2 + o - 12. Let v be s(9). Let u be 1328/24 + 1/v. Calculate the greatest common factor of u and 22.
11
Let t(a) = -a. Let x(f) = -19*f + 4. Let p(v) = -6*t(v) + x(v). Let d be p(-4). Calculate the greatest common factor of d and 8.
8
Let n(w) = 12*w + 1. Let x be n(1). Let m(p) = -5*p - 7*p + 2*p**2 + 6*p + 3. Let l be m(6). What is the greatest common divisor of x and l?
13
Let b be (-8)/(-6)*12/8. Let h(z) = 2 + 0 + b*z + 0*z**2 + 3*z**2. Let w be h(3). Calculate the highest common divisor of w and 7.
7
Let m(d) = -2*d**3 - 4*d**2 + 2. Let h be m(-4). Calculate the highest common divisor of h and 6.
6
Let s = -3 + 13. What is the greatest common factor of s and 70?
10
Let h be ((-2)/(-2))/(1/17). Calculate the highest common factor of h and 17.
17
Let k = -14 - 1. Let d = 79 + -52. Let r be (d/k)/(2/(-10)). What is the highest common factor of 45 and r?
9
Suppose 104 = 3*u - 0*i + i, 3*u + 5*i = 88. Calculate the highest common factor of u and 9.
9
Let c be (-4)/10*1*-135. Calculate the highest common factor of c and 6.
6
Let w = -15 + 19. Let o be (2 + -3 + w)/1. What is the highest common factor of 9 and o?
3
Suppose -2*d + 32 = 3*j + j, -15 = -5*j. What is the greatest common factor of 30 and d?
10
Let z be -5*(-2 - 28/(-10)). Let b be 20/6 - z/6. Suppose b*x - 21 = x + 3*a, -x - 17 = 5*a. What is the highest common factor of 3 and x?
3
Let b(x) = 17*x**2 + 6*x + 3. Let k be b(-3). What is the highest common divisor of 92 and k?
46
Suppose 0 = -5*w - 5*w + 170. What is the highest common factor of w and 102?
17
Suppose 5*y = 4*x - 94, -5*y - 53 - 62 = -5*x. Let c = -49 + 70. Suppose c = 3*r - 21. What is the greatest common factor of x and r?
7
Suppose 18*y - 19*y = -7. What is the highest common divisor of 7 and y?
7
Suppose 432 = 20*g - 17*g. Calculate the highest common factor of g and 16.
16
Let z(k) = -k**2 + 2*k. Let d be z(3). Suppose -4*c = b - 86, 2*